{"id":93,"date":"2014-01-31T11:10:15","date_gmt":"2014-01-31T09:10:15","guid":{"rendered":"http:\/\/www.dennis-arnold.com\/Schule\/?page_id=93"},"modified":"2023-04-13T10:32:33","modified_gmt":"2023-04-13T08:32:33","slug":"kultur-2","status":"publish","type":"page","link":"http:\/\/www.dennis-arnold.com\/Schule\/?page_id=93","title":{"rendered":"Kultur"},"content":{"rendered":"<p><a href=\"http:\/\/www.alemaniaparati.diplo.de\/Vertretung\/mexiko-dz\/es\/07-PoliticaEconomia\/PoliticaDomestica\/SteinmeierPoliticoFavorito.html  Deutschlandzentrum f\u00fcr die englischsprachige Welt: http:\/\/www.germany.info\/gic\/\" target=\"_blank\" rel=\"noopener\"><span style=\"text-decoration: underline;\">Deutschlandzentrum f\u00fcr die spanischsprachige Welt<\/span><\/a><\/p>\n<p><a href=\"http:\/\/www.germany.info\/gic\/\" target=\"_blank\" rel=\"noopener\">Deutschlandzentrum f\u00fcr die englischsprachige Welt<\/a><\/p>\n<p><strong><span style=\"text-decoration: underline;\">Wenn Du auf Reisen gehen m\u00f6chtest, kannst Du:<\/span><\/strong><\/p>\n<ul>\n<li><a href=\"http:\/\/www.fl\u00fcge.de\/\" target=\"_blank\" rel=\"noopener\">hier<\/a> Fl\u00fcge Buchen,<\/li>\n<li><a href=\"https:\/\/www.airbnb.de\/\" target=\"_blank\" rel=\"noopener\">hier<\/a> bei Einheimischen ein Zimmer buchen und<\/li>\n<li><a href=\"http:\/\/www.eatwith.com\/de\/explore-dining-around-the-world\/\" target=\"_blank\" rel=\"noopener\" data-wplink-edit=\"true\">hier<\/a> gemeinsam mit Einheimischen essen.<\/li>\n<\/ul>\n<p>Viel Spa\u00df beim Verreisen!! \ud83d\ude42<\/p>\n","protected":false},"excerpt":{"rendered":"<p>Deutschlandzentrum f\u00fcr die spanischsprachige Welt Deutschlandzentrum f\u00fcr die englischsprachige Welt Wenn Du auf Reisen gehen m\u00f6chtest, kannst Du: hier Fl\u00fcge Buchen, hier bei Einheimischen ein Zimmer buchen und hier gemeinsam mit Einheimischen essen. Viel Spa\u00df beim Verreisen!! \ud83d\ude42<\/p>\n","protected":false},"author":1,"featured_media":0,"parent":0,"menu_order":0,"comment_status":"closed","ping_status":"open","template":"","meta":[],"_links":{"self":[{"href":"http:\/\/www.dennis-arnold.com\/Schule\/index.php?rest_route=\/wp\/v2\/pages\/93"}],"collection":[{"href":"http:\/\/www.dennis-arnold.com\/Schule\/index.php?rest_route=\/wp\/v2\/pages"}],"about":[{"href":"http:\/\/www.dennis-arnold.com\/Schule\/index.php?rest_route=\/wp\/v2\/types\/page"}],"author":[{"embeddable":true,"href":"http:\/\/www.dennis-arnold.com\/Schule\/index.php?rest_route=\/wp\/v2\/users\/1"}],"replies":[{"embeddable":true,"href":"http:\/\/www.dennis-arnold.com\/Schule\/index.php?rest_route=%2Fwp%2Fv2%2Fcomments&post=93"}],"version-history":[{"count":6,"href":"http:\/\/www.dennis-arnold.com\/Schule\/index.php?rest_route=\/wp\/v2\/pages\/93\/revisions"}],"predecessor-version":[{"id":2768,"href":"http:\/\/www.dennis-arnold.com\/Schule\/index.php?rest_route=\/wp\/v2\/pages\/93\/revisions\/2768"}],"wp:attachment":[{"href":"http:\/\/www.dennis-arnold.com\/Schule\/index.php?rest_route=%2Fwp%2Fv2%2Fmedia&parent=93"}],"curies":[{"name":"wp","href":"https:\/\/api.w.org\/{rel}","templated":true}]}}