{"id":2397,"date":"2020-10-09T07:22:53","date_gmt":"2020-10-09T05:22:53","guid":{"rendered":"http:\/\/www.dennis-arnold.com\/Schule\/?page_id=2397"},"modified":"2020-10-09T07:51:35","modified_gmt":"2020-10-09T05:51:35","slug":"spanisch-fs-2-jahrgang-9","status":"publish","type":"page","link":"http:\/\/www.dennis-arnold.com\/Schule\/?page_id=2397","title":{"rendered":"Spanisch (FS 2) Jahrgang 9"},"content":{"rendered":"\n<p><a href=\"http:\/\/www.dennis-arnold.com\/Schule\/?page_id=2406\">Lektion 1<\/a>: Vacaciones en Espa\u00f1a<\/p>\n\n\n\n<p><a href=\"http:\/\/www.dennis-arnold.com\/Schule\/?page_id=2409\">Lektion 2<\/a>: El d\u00eda a d\u00eda<\/p>\n\n\n\n<p><a href=\"http:\/\/www.dennis-arnold.com\/Schule\/?page_id=2412\">Lektion 3<\/a>: Los alimentos<\/p>\n","protected":false},"excerpt":{"rendered":"<p>Lektion 1: Vacaciones en Espa\u00f1a Lektion 2: El d\u00eda a d\u00eda Lektion 3: Los alimentos<\/p>\n","protected":false},"author":1,"featured_media":0,"parent":0,"menu_order":0,"comment_status":"closed","ping_status":"closed","template":"","meta":[],"_links":{"self":[{"href":"http:\/\/www.dennis-arnold.com\/Schule\/index.php?rest_route=\/wp\/v2\/pages\/2397"}],"collection":[{"href":"http:\/\/www.dennis-arnold.com\/Schule\/index.php?rest_route=\/wp\/v2\/pages"}],"about":[{"href":"http:\/\/www.dennis-arnold.com\/Schule\/index.php?rest_route=\/wp\/v2\/types\/page"}],"author":[{"embeddable":true,"href":"http:\/\/www.dennis-arnold.com\/Schule\/index.php?rest_route=\/wp\/v2\/users\/1"}],"replies":[{"embeddable":true,"href":"http:\/\/www.dennis-arnold.com\/Schule\/index.php?rest_route=%2Fwp%2Fv2%2Fcomments&post=2397"}],"version-history":[{"count":2,"href":"http:\/\/www.dennis-arnold.com\/Schule\/index.php?rest_route=\/wp\/v2\/pages\/2397\/revisions"}],"predecessor-version":[{"id":2415,"href":"http:\/\/www.dennis-arnold.com\/Schule\/index.php?rest_route=\/wp\/v2\/pages\/2397\/revisions\/2415"}],"wp:attachment":[{"href":"http:\/\/www.dennis-arnold.com\/Schule\/index.php?rest_route=%2Fwp%2Fv2%2Fmedia&parent=2397"}],"curies":[{"name":"wp","href":"https:\/\/api.w.org\/{rel}","templated":true}]}}