{"id":170,"date":"2014-02-02T12:05:42","date_gmt":"2014-02-02T10:05:42","guid":{"rendered":"http:\/\/www.dennis-arnold.com\/Schule\/?page_id=170"},"modified":"2020-10-26T12:46:09","modified_gmt":"2020-10-26T10:46:09","slug":"klasse-7","status":"publish","type":"page","link":"http:\/\/www.dennis-arnold.com\/Schule\/?page_id=170","title":{"rendered":"Klasse 7 (FS 2) &#8211; Lektion 1: Mi mundo y yo"},"content":{"rendered":"\n<p>Hier geht&#8217;s direkt zu den Vokabeln der Lektion: Klick <a rel=\"noreferrer noopener\" href=\"https:\/\/quizlet.com\/529072197\/vamos-adelante-1-unidad-1-mi-mundo-y-yo-flash-cards\/\" target=\"_blank\">hier<\/a>, <a rel=\"noreferrer noopener\" href=\"https:\/\/quizlet.com\/529074784\/vamos-adelante-unidad-1-mi-mundo-y-yo-flash-cards\/\" target=\"_blank\">hier<\/a> und <a rel=\"noreferrer noopener\" href=\"https:\/\/quizlet.com\/529077698\/vamos-adelante-unidad-1-mi-mundo-y-yo-flash-cards\/\" target=\"_blank\">hier<\/a>! Du findest die Links auch in den entsprechenden Dokumenten.<\/p>\n\n\n\n<p><strong>Nota:<\/strong> Du kannst alle PDFs auch online bearbeiten, ohne sie auszudrucken. Speichere sie einfach in einem Ordner auf Deinem Endger\u00e4t. Hier erf\u00e4hrst Du, wie Du in eine PDF-Datei schreiben und sie anschlie\u00dfend speichern kannst:<\/p>\n\n\n\n<div class=\"wp-block-file\"><a href=\"http:\/\/www.dennis-arnold.com\/Schule\/wp-content\/uploads\/Anleitung-zum-Ausfuellen-von-PDF-Dateien-am-Endgeraet-4.pdf\">Anleitung zum Ausf\u00fcllen von PDF-Dateien am Endgeraet<\/a><a href=\"http:\/\/www.dennis-arnold.com\/Schule\/wp-content\/uploads\/Anleitung-zum-Ausfuellen-von-PDF-Dateien-am-Endgeraet-4.pdf\" class=\"wp-block-file__button\" download>Herunterladen<\/a><\/div>\n\n\n\n<p>Doch zun\u00e4chst erh\u00e4ltst Du hier einen \u00dcberblick dar\u00fcber, was Du in Lektion 1 lernen wirst.<\/p>\n\n\n\n<div class=\"wp-block-file\"><a href=\"http:\/\/www.dennis-arnold.com\/Schule\/wp-content\/uploads\/U1_S1_Einheitsueberblick-Unidad-1_Kompetenzraster-fuer-SuS.pdf\">Einheits\u00fcberblick (0.7 MB)<\/a><a href=\"http:\/\/www.dennis-arnold.com\/Schule\/wp-content\/uploads\/U1_S1_Einheitsueberblick-Unidad-1_Kompetenzraster-fuer-SuS.pdf\" class=\"wp-block-file__button\" download>Herunterladen<\/a><\/div>\n\n\n\n<p><\/p>\n\n\n\n<p><strong><span style=\"color:#ff0000\" class=\"has-inline-color\">Stunde 1<\/span><\/strong>:<span style=\"color:#ff0000\" class=\"has-inline-color\"> <strong>\u00bfC\u00f3mo se llama \u2026?<\/strong><\/span><\/p>\n\n\n\n<p>Am Ende der Stunde kannst Du Dich Deinen Klassenkameradi*innen vorstellen.<\/p>\n\n\n\n<ol><li>Bilder beschreiben (Buch, S. 20-21)<\/li><li>Eine Beispielpr\u00e4sentation h\u00f6ren<\/li><li>Eine der Hauptfiguren des Buches besser kennen lernen<\/li><li>Eine Umfrage durchf\u00fchren<\/li><li>Die Ergebnisse der Umfrage pr\u00e4sentieren<\/li><\/ol>\n\n\n\n<div class=\"wp-block-file\"><a href=\"http:\/\/www.dennis-arnold.com\/Schule\/wp-content\/uploads\/U1_S1_Primer-paso.pdf\">sich vorstellen (0.9 MB)<\/a><a href=\"http:\/\/www.dennis-arnold.com\/Schule\/wp-content\/uploads\/U1_S1_Primer-paso.pdf\" class=\"wp-block-file__button\" download>Herunterladen<\/a><\/div>\n\n\n\n<p><strong><span style=\"color:#ff0000\" class=\"has-inline-color\">Stunde 2: Los nombres y apellidos en Espa\u00f1a<\/span><\/strong><\/p>\n\n\n\n<p>Am Ende der Stunde kennst Du die spanische Namensstruktur und kannst sie auf Deinen Namen anwenden.<\/p>\n\n\n\n<ol><li>spanische Namensstruktur erarbeiten<\/li><li>Spiel mit Namen und Nachnamen<\/li><li>eine Pr\u00e4sentation vorbereiten und vorstellen<\/li><\/ol>\n\n\n\n<div class=\"wp-block-file\"><a href=\"http:\/\/www.dennis-arnold.com\/Schule\/wp-content\/uploads\/U1_S2_Los-nombres-y-apellidos-en-Espana_1.pdf\">AB 1 (0.5 MB)<\/a><a href=\"http:\/\/www.dennis-arnold.com\/Schule\/wp-content\/uploads\/U1_S2_Los-nombres-y-apellidos-en-Espana_1.pdf\" class=\"wp-block-file__button\" download>Herunterladen<\/a><\/div>\n\n\n\n<div class=\"wp-block-file\"><a href=\"http:\/\/www.dennis-arnold.com\/Schule\/wp-content\/uploads\/U1_S2_Los-nombres-y-apellidos-en-Espana_2.pdf\">AB 2 (0.6 MB)<\/a><a href=\"http:\/\/www.dennis-arnold.com\/Schule\/wp-content\/uploads\/U1_S2_Los-nombres-y-apellidos-en-Espana_2.pdf\" class=\"wp-block-file__button\" download>Herunterladen<\/a><\/div>\n\n\n\n<div class=\"wp-block-file\"><a href=\"http:\/\/www.dennis-arnold.com\/Schule\/wp-content\/uploads\/U1_S2_Los-nombres-y-apellidos-en-Espana_soluciones_1.pdf\">L\u00f6sungen (0.5 MB)<\/a><a href=\"http:\/\/www.dennis-arnold.com\/Schule\/wp-content\/uploads\/U1_S2_Los-nombres-y-apellidos-en-Espana_soluciones_1.pdf\" class=\"wp-block-file__button\" download>Herunterladen<\/a><\/div>\n\n\n\n<p><strong><span style=\"color:#ff0000\" class=\"has-inline-color\">Stunde 3: \u00bfQui\u00e9n es Florian?<\/span><\/strong><\/p>\n\n\n\n<p>Am Ende der Stunde kannst Du einem Text Informationen entnehmen.<\/p>\n\n\n\n<ol><li>die beiden Hauptfiguren in Erinnerung rufen<\/li><li>den Lektionstext lesen und Informationen entnehmen (global)<\/li><li>neues Vokabular erarbeiten<\/li><li>den Lektionstext erneut lesen und Informationen entnehmen (selektiv)<\/li><li>das neue Vokabular verwenden<\/li><\/ol>\n\n\n\n<div class=\"wp-block-file\"><a href=\"http:\/\/www.dennis-arnold.com\/Schule\/wp-content\/uploads\/U1_S3_leer_Quien-es-Florian.pdf\">AB<\/a><a href=\"http:\/\/www.dennis-arnold.com\/Schule\/wp-content\/uploads\/U1_S3_leer_Quien-es-Florian.pdf\" class=\"wp-block-file__button\" download>Herunterladen<\/a><\/div>\n\n\n\n<div class=\"wp-block-file\"><a href=\"http:\/\/www.dennis-arnold.com\/Schule\/wp-content\/uploads\/U1_S3_leer_Quien-es-Florian_soluciones.pdf\">L\u00f6sungen<\/a><a href=\"http:\/\/www.dennis-arnold.com\/Schule\/wp-content\/uploads\/U1_S3_leer_Quien-es-Florian_soluciones.pdf\" class=\"wp-block-file__button\" download>Herunterladen<\/a><\/div>\n\n\n\n<p><strong><span style=\"color:#ff0000\" class=\"has-inline-color\">Stunde 4: Negar cosas<\/span><\/strong><\/p>\n\n\n\n<p>Am Ende der Stunde kannst Du Aussagen auf Spanisch verneinen.<\/p>\n\n\n\n<ol><li>die Figur des Lektionstextes in Erinnerung rufen<\/li><li>die spanische Negation erarbeiten<\/li><li>eine Regel ableiten<\/li><li>die spanische Verneinung \u00fcben<\/li><\/ol>\n\n\n\n<div class=\"wp-block-file\"><a href=\"http:\/\/www.dennis-arnold.com\/Schule\/wp-content\/uploads\/U1_S4_hablar_Negar-cosas.pdf\">AB (0.5 MB)<\/a><a href=\"http:\/\/www.dennis-arnold.com\/Schule\/wp-content\/uploads\/U1_S4_hablar_Negar-cosas.pdf\" class=\"wp-block-file__button\" download>Herunterladen<\/a><\/div>\n\n\n\n<div class=\"wp-block-file\"><a href=\"http:\/\/www.dennis-arnold.com\/Schule\/wp-content\/uploads\/U1_S4_hablar_Negar-cosas_soluciones.pdf\">L\u00f6sungen (0.5 MB)<\/a><a href=\"http:\/\/www.dennis-arnold.com\/Schule\/wp-content\/uploads\/U1_S4_hablar_Negar-cosas_soluciones.pdf\" class=\"wp-block-file__button\" download>Herunterladen<\/a><\/div>\n\n\n\n<p><strong><span style=\"color:#ff0000\" class=\"has-inline-color\">Stunde 5: Una carta a un(a) amig@<\/span><\/strong><\/p>\n\n\n\n<p>Am Ende der Stunde kannst Du eine Karte an eine*n Freund*in schreiben und dabei die regelm\u00e4\u00dfigen Verben auf -ar verwenden.<\/p>\n\n\n\n<ol><li>die -ar-Verben im Text erkennen<\/li><li>die Verbformen erarbeiten und in eine Tabelle eintragen<\/li><li>mit einem W\u00fcrfelspiel die Konjugation der Verben \u00fcben<\/li><li>mit einem Tandem-Bogen die Verben anwenden<\/li><li>mithilfe eines vorstrukturierten Texts eine Karte schreiben<\/li><\/ol>\n\n\n\n<div class=\"wp-block-file\"><a href=\"http:\/\/www.dennis-arnold.com\/Schule\/wp-content\/uploads\/U1_S5_escribir_Una-carta-a-una-amig@_AB1.pdf\">AB 1 (0.5 MB)<\/a><a href=\"http:\/\/www.dennis-arnold.com\/Schule\/wp-content\/uploads\/U1_S5_escribir_Una-carta-a-una-amig@_AB1.pdf\" class=\"wp-block-file__button\" download>Herunterladen<\/a><\/div>\n\n\n\n<div class=\"wp-block-file\"><a href=\"http:\/\/www.dennis-arnold.com\/Schule\/wp-content\/uploads\/U1_S5_escribir_Una-carta-a-una-amig@_AB1_soluciones.pdf\">AB 1_L\u00f6sungen (0.5 MB)<\/a><a href=\"http:\/\/www.dennis-arnold.com\/Schule\/wp-content\/uploads\/U1_S5_escribir_Una-carta-a-una-amig@_AB1_soluciones.pdf\" class=\"wp-block-file__button\" download>Herunterladen<\/a><\/div>\n\n\n\n<div class=\"wp-block-file\"><a href=\"http:\/\/www.dennis-arnold.com\/Schule\/wp-content\/uploads\/U1_S5_escribir_Una-carta-a-una-amig@_AB2.pdf\">AB 2 (0.4 MB)<\/a><a href=\"http:\/\/www.dennis-arnold.com\/Schule\/wp-content\/uploads\/U1_S5_escribir_Una-carta-a-una-amig@_AB2.pdf\" class=\"wp-block-file__button\" download>Herunterladen<\/a><\/div>\n\n\n\n<div class=\"wp-block-file\"><a href=\"http:\/\/www.dennis-arnold.com\/Schule\/wp-content\/uploads\/U1_S5_escribir_Una-carta-a-una-amig@_AB3.pdf\">AB 3 (0.4 MB)<\/a><a href=\"http:\/\/www.dennis-arnold.com\/Schule\/wp-content\/uploads\/U1_S5_escribir_Una-carta-a-una-amig@_AB3.pdf\" class=\"wp-block-file__button\" download>Herunterladen<\/a><\/div>\n\n\n\n<div class=\"wp-block-file\"><a href=\"http:\/\/www.dennis-arnold.com\/Schule\/wp-content\/uploads\/U1_S5_escribir_Una-carta-a-una-amig@_AB3_soluciones.pdf\">AB 3_L\u00f6su: ngen (0.4 MB)<\/a><a href=\"http:\/\/www.dennis-arnold.com\/Schule\/wp-content\/uploads\/U1_S5_escribir_Una-carta-a-una-amig@_AB3_soluciones.pdf\" class=\"wp-block-file__button\" download>Herunterladen<\/a><\/div>\n\n\n\n<p><strong><span style=\"color:#ff0000\" class=\"has-inline-color\">Stunde 6<\/span><\/strong><span style=\"color:#ff0000\" class=\"has-inline-color\">: <strong>Mis idiomas<\/strong><\/span><\/p>\n\n\n\n<p>Am Ende der Stunde kannst Du \u00fcber Deine Sprachen sprechen.<\/p>\n\n\n\n<ol><li>einfache Fragen und Antworten zum Thema<\/li><li>eine Umfrage durchf\u00fchren<\/li><li>einen Dialog zum Thema erarbeiten, \u00fcben und vorstellen<\/li><\/ol>\n\n\n\n<div class=\"wp-block-file\"><a href=\"http:\/\/www.dennis-arnold.com\/Schule\/wp-content\/uploads\/U1_S6_hablar_Mis-idiomas.pdf\">AB (0.5 MB)<\/a><a href=\"http:\/\/www.dennis-arnold.com\/Schule\/wp-content\/uploads\/U1_S6_hablar_Mis-idiomas.pdf\" class=\"wp-block-file__button\" download>Herunterladen<\/a><\/div>\n\n\n\n<div class=\"wp-block-file\"><a href=\"http:\/\/www.dennis-arnold.com\/Schule\/wp-content\/uploads\/U1_S6_hablar_Mis-idiomas_soluciones.pdf\">L\u00f6sungen (0.5 MB)<\/a><a href=\"http:\/\/www.dennis-arnold.com\/Schule\/wp-content\/uploads\/U1_S6_hablar_Mis-idiomas_soluciones.pdf\" class=\"wp-block-file__button\" download>Herunterladen<\/a><\/div>\n\n\n\n<p><strong><span style=\"color:#ff0000\" class=\"has-inline-color\">Stunde 7<\/span><\/strong><span style=\"color:#ff0000\" class=\"has-inline-color\">: <strong>En el Retiro<\/strong><\/span><\/p>\n\n\n\n<p>Am Ende der Stunde kannst Du in einer typisch-touristischen Situation reagieren.<\/p>\n\n\n\n<ol><li>Wenn ich in Spanien angesprochen werde &#8230;<\/li><li>einen Dialog erarbeiten, \u00fcben und vorstellen<\/li><\/ol>\n\n\n\n<p>In dieser Stunde gibt es keine AB.<\/p>\n\n\n\n<p><strong><span style=\"color:#ff0000\" class=\"has-inline-color\">Stunde 8<\/span><\/strong><span style=\"color:#ff0000\" class=\"has-inline-color\">: <strong>En un&nbsp; blog<\/strong><\/span><\/p>\n\n\n\n<p>Am Ende der Stunde kannst Du einen Blogeintrag mithilfe der sieben Schritte des Schreibprozesses organisieren und verfassen.<\/p>\n\n\n\n<ol><li>die sieben Schritte kennen lernen<\/li><li>einen Blogeintrag nach den sieben Schritten verfassen und \u00fcberarbeiten<\/li><li>den Blogeintrag vorstellen<\/li><\/ol>\n\n\n\n<div class=\"wp-block-file\"><a href=\"http:\/\/www.dennis-arnold.com\/Schule\/wp-content\/uploads\/U1_S8_escribir_En-un-blog.pdf\">AB (0.5 MB)<\/a><a href=\"http:\/\/www.dennis-arnold.com\/Schule\/wp-content\/uploads\/U1_S8_escribir_En-un-blog.pdf\" class=\"wp-block-file__button\" download>Herunterladen<\/a><\/div>\n\n\n\n<p><strong><span style=\"color:#ff0000\" class=\"has-inline-color\">Stunde 9<\/span><\/strong><span style=\"color:#ff0000\" class=\"has-inline-color\">: <strong>Los amigos de Alba (1)<\/strong><\/span><\/p>\n\n\n\n<p>Am Ende der Stunde kannst Du die \u00dcberschrift und Bilder eines Textes zur Bedeutungserschlie\u00dfung verwenden sowie neue Vokabeln verwenden.<\/p>\n\n\n\n<ol><li>Lesestrategien erarbeiten und verstehen<\/li><li>Lesestrategien anwenden<\/li><li>neues Vokabular erarbeiten<\/li><\/ol>\n\n\n\n<div class=\"wp-block-file\"><a href=\"http:\/\/www.dennis-arnold.com\/Schule\/wp-content\/uploads\/U1_S9-10_leer_Los-amigos-de-Alba_AB1.pdf\">AB 1 (0.9 MB)<\/a><a href=\"http:\/\/www.dennis-arnold.com\/Schule\/wp-content\/uploads\/U1_S9-10_leer_Los-amigos-de-Alba_AB1.pdf\" class=\"wp-block-file__button\" download>Herunterladen<\/a><\/div>\n\n\n\n<div class=\"wp-block-file\"><a href=\"http:\/\/www.dennis-arnold.com\/Schule\/wp-content\/uploads\/U1_S9-10_leer_Los-amigos-de-Alba_AB1_soluciones.pdf\">AB 1_L\u00f6sungen (0.9 MB)<\/a><a href=\"http:\/\/www.dennis-arnold.com\/Schule\/wp-content\/uploads\/U1_S9-10_leer_Los-amigos-de-Alba_AB1_soluciones.pdf\" class=\"wp-block-file__button\" download>Herunterladen<\/a><\/div>\n\n\n\n<div class=\"wp-block-file\"><a href=\"http:\/\/www.dennis-arnold.com\/Schule\/wp-content\/uploads\/U1_S9-10_leer_Los-amigos-de-Alba_AB2_Domino.pdf\">AB 2_D\u00f3mino (0.4 MB)<\/a><a href=\"http:\/\/www.dennis-arnold.com\/Schule\/wp-content\/uploads\/U1_S9-10_leer_Los-amigos-de-Alba_AB2_Domino.pdf\" class=\"wp-block-file__button\" download>Herunterladen<\/a><\/div>\n\n\n\n<div class=\"wp-block-file\"><a href=\"http:\/\/www.dennis-arnold.com\/Schule\/wp-content\/uploads\/U1_S9-10_leer_Los-amigos-de-Alba_AB3_Cruzigrama.pdf\">AB 3_Cruzigrama (0.3 MB)<\/a><a href=\"http:\/\/www.dennis-arnold.com\/Schule\/wp-content\/uploads\/U1_S9-10_leer_Los-amigos-de-Alba_AB3_Cruzigrama.pdf\" class=\"wp-block-file__button\" download>Herunterladen<\/a><\/div>\n\n\n\n<div class=\"wp-block-file\"><a href=\"http:\/\/www.dennis-arnold.com\/Schule\/wp-content\/uploads\/U1_S9-10_leer_Los-amigos-de-Alba_AB3_Cruzigrama_soluciones.pdf\">AB 3_Cruzigrama_L\u00f6sungen (0.3 MB)<\/a><a href=\"http:\/\/www.dennis-arnold.com\/Schule\/wp-content\/uploads\/U1_S9-10_leer_Los-amigos-de-Alba_AB3_Cruzigrama_soluciones.pdf\" class=\"wp-block-file__button\" download>Herunterladen<\/a><\/div>\n\n\n\n<div class=\"wp-block-file\"><a href=\"http:\/\/www.dennis-arnold.com\/Schule\/wp-content\/uploads\/U1_S9-10_leer_Los-amigos-de-Alba_AB4_Hoja-Tandem.pdf\">AB 4_Hoja-T\u00e1ndem (0.4 MB)<\/a><a href=\"http:\/\/www.dennis-arnold.com\/Schule\/wp-content\/uploads\/U1_S9-10_leer_Los-amigos-de-Alba_AB4_Hoja-Tandem.pdf\" class=\"wp-block-file__button\" download>Herunterladen<\/a><\/div>\n\n\n\n<p><strong><span style=\"color:#ff0000\" class=\"has-inline-color\">Stunde 10<\/span><\/strong><span style=\"color:#ff0000\" class=\"has-inline-color\">: <strong>Los amigos de Alba (2)<\/strong><\/span><\/p>\n\n\n\n<p>Am Ende der Stunde kannst Du einem Text gezielt Informationen entnehmen sowie das in Stunde 9 erarbeitete Vokabular anwenden.<\/p>\n\n\n\n<ol><li>Informationen herausfiltern<\/li><li>einen Dialog erstellen unter Verwendung der neuen Vokabeln<\/li><li>Vorstellung des Dialogs<\/li><\/ol>\n\n\n\n<p>In dieser Stunde gibt es keine AB.<\/p>\n\n\n\n<p><strong><span style=\"color:#ff0000\" class=\"has-inline-color\">Stunde 11<\/span><\/strong><span style=\"color:#ff0000\" class=\"has-inline-color\">: <strong>\u00bfQu\u00e9 tienes?<\/strong><\/span><\/p>\n\n\n\n<p>Am Ende der Stunde kannst Du Besitz mithilfe des Verbs <em>tener<\/em> ausdr\u00fccken.<\/p>\n\n\n\n<ol><li>Verbformen von <em>tener<\/em> erarbeiten<\/li><li>mithilfe eines W\u00fcrfelspiels die Verbformen \u00fcben<\/li><li>eine Umfrage in der Klasse durchf\u00fchren, \u00fcben und pr\u00e4sentieren<\/li><\/ol>\n\n\n\n<div class=\"wp-block-file\"><a href=\"http:\/\/www.dennis-arnold.com\/Schule\/wp-content\/uploads\/U1_S11_hablar_Que-tienes.pdf\">AB (0.7 MB)<\/a><a href=\"http:\/\/www.dennis-arnold.com\/Schule\/wp-content\/uploads\/U1_S11_hablar_Que-tienes.pdf\" class=\"wp-block-file__button\" download>Herunterladen<\/a><\/div>\n\n\n\n<div class=\"wp-block-file\"><a href=\"http:\/\/www.dennis-arnold.com\/Schule\/wp-content\/uploads\/U1_S11_hablar_Que-tienes_soluciones.pdf\">AB_L\u00f6sungen (0.7 MB)<\/a><a href=\"http:\/\/www.dennis-arnold.com\/Schule\/wp-content\/uploads\/U1_S11_hablar_Que-tienes_soluciones.pdf\" class=\"wp-block-file__button\" download>Herunterladen<\/a><\/div>\n\n\n\n<p><strong><span style=\"color:#ff0000\" class=\"has-inline-color\">Stunde 12<\/span><\/strong><span style=\"color:#ff0000\" class=\"has-inline-color\">: <strong>\u00bfMitusu?<\/strong><\/span><\/p>\n\n\n\n<p>Am Ende der Stunde kannst Du (den ersten Teil der) Possessivbegleiter verwenden.<\/p>\n\n\n\n<ol><li>Formen erarbeiten<\/li><li>Regeln ableiten<\/li><li>\u00fcben, \u00fcben, \u00fcben \ud83d\ude42<\/li><\/ol>\n\n\n\n<div class=\"wp-block-file\"><a href=\"http:\/\/www.dennis-arnold.com\/Schule\/wp-content\/uploads\/U1_S12_escribir_Mitusu.pdf\">AB (0.7 MB)<\/a><a href=\"http:\/\/www.dennis-arnold.com\/Schule\/wp-content\/uploads\/U1_S12_escribir_Mitusu.pdf\" class=\"wp-block-file__button\" download>Herunterladen<\/a><\/div>\n\n\n\n<div class=\"wp-block-file\"><a href=\"http:\/\/www.dennis-arnold.com\/Schule\/wp-content\/uploads\/U1_S12_escribir_Mitusu_soluciones.pdf\">AB_L\u00f6sungen (0.7 MB)<\/a><a href=\"http:\/\/www.dennis-arnold.com\/Schule\/wp-content\/uploads\/U1_S12_escribir_Mitusu_soluciones.pdf\" class=\"wp-block-file__button\" download>Herunterladen<\/a><\/div>\n\n\n\n<p><strong><span style=\"color:#ff0000\" class=\"has-inline-color\">Stunde 13<\/span><\/strong><span style=\"color:#ff0000\" class=\"has-inline-color\">: <strong>Mi familia<\/strong><\/span><\/p>\n\n\n\n<p>Am Ende der Stunde kannst Du in einem Dialog das Verb <em>ser <\/em>korrekt verwenden.<\/p>\n\n\n\n<ol><li>Formen von <em>ser<\/em> wieder ins Ged\u00e4chtnis rufen<\/li><li>\u00fcben, \u00fcben, \u00fcben \ud83d\ude42<\/li><\/ol>\n\n\n\n<p>In dieser Stunde gibt es keine AB.<\/p>\n\n\n\n<p><strong><span style=\"color:#ff0000\" class=\"has-inline-color\">Stunde 14<\/span><\/strong><span style=\"color:#ff0000\" class=\"has-inline-color\">: <strong>Mi Mascota<\/strong><\/span><\/p>\n\n\n\n<p>Am Ende der Stunde kannst Du eine Umfrage zu Haustieren durchf\u00fchren und die Ergebnisse pr\u00e4sentieren.<\/p>\n\n\n\n<ol><li>kurze Texte zu Haustieren h\u00f6ren<\/li><li>ein Suchspiel zu Haustieren spielen<\/li><li>eine Umfrage zu Haustieren durchf\u00fchren<\/li><li>die Umfrageergebnisse pr\u00e4sentieren<\/li><\/ol>\n\n\n\n<div class=\"wp-block-file\"><a href=\"http:\/\/www.dennis-arnold.com\/Schule\/wp-content\/uploads\/U1_S14_hablar_Mascotas.pdf\">AB (0.5 MB)<\/a><a href=\"http:\/\/www.dennis-arnold.com\/Schule\/wp-content\/uploads\/U1_S14_hablar_Mascotas.pdf\" class=\"wp-block-file__button\" download>Herunterladen<\/a><\/div>\n\n\n\n<p><strong><span style=\"color:#ff0202\" class=\"has-inline-color\">Stunde 15<\/span><\/strong><span style=\"color:#ff0000\" class=\"has-inline-color\">: <strong>Los n\u00fameros hasta 20<\/strong><\/span><\/p>\n\n\n\n<p>Am Ende der Stunde kannst Du die Zahlen bis zwanzig verwenden.<\/p>\n\n\n\n<ol><li>Zahlen gemeinsam aussprechen<\/li><li>Zahlen ordnen<\/li><li>Schiffe versenken spielen<\/li><\/ol>\n\n\n\n<div class=\"wp-block-file\"><a href=\"http:\/\/www.dennis-arnold.com\/Schule\/wp-content\/uploads\/U1_S15_hablar_Los-numeros-hasta-20.pdf\">AB (0.5 MB)<\/a><a href=\"http:\/\/www.dennis-arnold.com\/Schule\/wp-content\/uploads\/U1_S15_hablar_Los-numeros-hasta-20.pdf\" class=\"wp-block-file__button\" download>Herunterladen<\/a><\/div>\n\n\n\n<p><strong><span style=\"color:#ff0101\" class=\"has-inline-color\">Stunden 16 und 17<\/span><\/strong><span style=\"color:#ff0000\" class=\"has-inline-color\">: <strong>Tareas finales: Mi mundo y yo<\/strong><\/span><\/p>\n\n\n\n<p>Am Ende der Stunden kannst Du mithilfe der Vorgaben im Buch und des AB einen Rap oder eine Collage erstellen und pr\u00e4sentieren.<\/p>\n\n\n\n<ol><li>Aufgaben besprechen und eine Entscheidung f\u00e4llen<\/li><li>Rap oder Collage erstellen<\/li><li>Rap oder Collage pr\u00e4sentieren<\/li><\/ol>\n\n\n\n<div class=\"wp-block-file\"><a href=\"http:\/\/www.dennis-arnold.com\/Schule\/wp-content\/uploads\/U1_S16_mezcla_Tareas-finales.pdf\">AB (0.6 MB)<\/a><a href=\"http:\/\/www.dennis-arnold.com\/Schule\/wp-content\/uploads\/U1_S16_mezcla_Tareas-finales.pdf\" class=\"wp-block-file__button\" download>Herunterladen<\/a><\/div>\n\n\n\n<p><\/p>\n\n\n\n<p>Du bist nun am Ende der ersten Lektion angekommen. Herzlichen Gl\u00fcckwunsch &#8211; Du kannst nun einiges mehr als vorher. Nimm den Lektions\u00fcberblick hervor und \u00fcberpr\u00fcfe noch einmal, was Dir schon gut gelingt und an welchen Stellen Du noch \u00fcben darfst. Sieh&#8216; Dir daf\u00fcr im Buch die entsprechenden Seiten bzw. im Hefter die jeweiligen Arbeitsbl\u00e4tter (AB) an und geh&#8216; sie noch einmal durch. Du kannst Dich auch mit jemandem treffen; dann k\u00f6nnt ihr euch gegenseitig unterst\u00fctzen.<\/p>\n\n\n\n<p><\/p>\n\n\n\n<p>Dabei w\u00fcnsche ich Dir viel Spa\u00df und Erfolg!<\/p>\n","protected":false},"excerpt":{"rendered":"<p>Hier geht&#8217;s direkt zu den Vokabeln der Lektion: Klick hier, hier und hier! Du findest die Links auch in den entsprechenden Dokumenten. Nota: Du kannst alle PDFs auch online bearbeiten, ohne sie auszudrucken. Speichere sie einfach in einem Ordner auf Deinem Endger\u00e4t. Hier erf\u00e4hrst Du, wie Du in eine PDF-Datei schreiben und sie anschlie\u00dfend speichern [&hellip;]<\/p>\n","protected":false},"author":1,"featured_media":0,"parent":111,"menu_order":0,"comment_status":"closed","ping_status":"open","template":"","meta":[],"_links":{"self":[{"href":"http:\/\/www.dennis-arnold.com\/Schule\/index.php?rest_route=\/wp\/v2\/pages\/170"}],"collection":[{"href":"http:\/\/www.dennis-arnold.com\/Schule\/index.php?rest_route=\/wp\/v2\/pages"}],"about":[{"href":"http:\/\/www.dennis-arnold.com\/Schule\/index.php?rest_route=\/wp\/v2\/types\/page"}],"author":[{"embeddable":true,"href":"http:\/\/www.dennis-arnold.com\/Schule\/index.php?rest_route=\/wp\/v2\/users\/1"}],"replies":[{"embeddable":true,"href":"http:\/\/www.dennis-arnold.com\/Schule\/index.php?rest_route=%2Fwp%2Fv2%2Fcomments&post=170"}],"version-history":[{"count":22,"href":"http:\/\/www.dennis-arnold.com\/Schule\/index.php?rest_route=\/wp\/v2\/pages\/170\/revisions"}],"predecessor-version":[{"id":2539,"href":"http:\/\/www.dennis-arnold.com\/Schule\/index.php?rest_route=\/wp\/v2\/pages\/170\/revisions\/2539"}],"up":[{"embeddable":true,"href":"http:\/\/www.dennis-arnold.com\/Schule\/index.php?rest_route=\/wp\/v2\/pages\/111"}],"wp:attachment":[{"href":"http:\/\/www.dennis-arnold.com\/Schule\/index.php?rest_route=%2Fwp%2Fv2%2Fmedia&parent=170"}],"curies":[{"name":"wp","href":"https:\/\/api.w.org\/{rel}","templated":true}]}}