{"id":79,"date":"2017-07-16T00:51:51","date_gmt":"2017-07-15T22:51:51","guid":{"rendered":"http:\/\/www.dennis-arnold.com\/Lehrerausbildung\/?page_id=79"},"modified":"2022-12-08T19:37:02","modified_gmt":"2022-12-08T18:37:02","slug":"transparenz-fuer-sie","status":"publish","type":"page","link":"http:\/\/www.dennis-arnold.com\/Lehrerausbildung\/index.php\/transparenz-fuer-sie\/","title":{"rendered":"Ausbildung"},"content":{"rendered":"<p style=\"text-align: justify;\">Das Referendariat oder auch das Praktikum\/ Praxissemester konfrontiert Sie immer mehr mit dem Alltag einer Lehrperson. Hier ist es wichtig, den \u00dcberblick zu behalten.<\/p>\n<p style=\"text-align: justify;\">Die folgenden Dokumente sollen Sie dabei unterst\u00fctzen \ud83d\ude42<\/p>\n<ul>\n<li style=\"text-align: justify;\">Das <a href=\"https:\/\/www.berlin.de\/sen\/bildung\/fachkraefte\/lehrerausbildung\/vorbereitungsdienst\/handbuch_vorbereitungsdienst.pdf\" target=\"_blank\" rel=\"noopener noreferrer\">Handbuch<\/a> f\u00fcr den Vorbereitungsdienst in Berlin (Stand: 06\/2021) sowie der <a href=\"https:\/\/www.berlin.de\/sen\/bildung\/fachkraefte\/lehrerausbildung\/studium\/leitfaden-praxissemester-mai-2020-5-auflage.pdf\" target=\"_blank\" rel=\"noopener noreferrer\">Leitfaden f\u00fcr das Praxissemester<\/a> (5. Auflage) bieten einen \u00dcberblick \u00fcber die Ausbildung der angehenden Lehrpersonen in Berlin. Auf der Seite der <a href=\"http:\/\/www.fu-berlin.de\/sites\/dse\/master\/praxissemester\/index.html\" target=\"_blank\" rel=\"noopener noreferrer\">Dahlem School of Education<\/a> finden Studierende im Praxissemester Antworten auf weitere Fragen.<\/li>\n<li style=\"text-align: justify;\">Behalten Sie mit <a href=\"http:\/\/www.dennis-arnold.com\/Lehrerausbildung\/wp-content\/uploads\/2017\/07\/00_Vorf\u00fchrstunden_\u00dcbersicht.docx\" target=\"_blank\" rel=\"noopener noreferrer\">diesem Dokument<\/a> einen \u00dcberblick \u00fcber Ihre Unterrichtsbesuche und den sich daraus ergebenden Zielen, die Sie sich stecken.<\/li>\n<li style=\"text-align: justify;\">Im Laufe Ihrer Ausbildung werden Sie immer wieder die Standards des Rahmenlehrplans konkretisieren m\u00fcssen.\u00a0<a href=\"http:\/\/www.dennis-arnold.com\/Lehrerausbildung\/wp-content\/uploads\/2017\/07\/05_Hilfe-zur-Standardkonkretisierung.docx\" target=\"_blank\" rel=\"noopener noreferrer\">Dieses Dokument<\/a> hat sich bei mir im Rahmen der Stundenvorbereitung sehr bew\u00e4hrt, denn die Konkretisierung ist meines Erachtens gerade am Anfang nicht ganz unproblematisch. <a href=\"http:\/\/www.dennis-arnold.com\/Lehrerausbildung\/wp-content\/uploads\/2017\/07\/04_Checkliste_Reihenplanung.pdf\" target=\"_blank\" rel=\"noopener noreferrer\">Dieses Dokument<\/a> hilft mir, bei der Reihenplanung den \u00dcberblick zu behalten. Es wurde von Laura Stasiak erstellt und freundlicherweise zur Verf\u00fcgung gestellt.<\/li>\n<li style=\"text-align: justify;\">Den Unterricht zu planen und sowohl kurz-, mittel- wie auch langfristig im Blick zu behalten, ist eine der vielen Aufgaben, die auf uns Lehrpersonen wartet. Bei mir hat sich <a href=\"http:\/\/www.dennis-arnold.com\/Lehrerausbildung\/wp-content\/uploads\/2017\/07\/06_Quartalsplanung.docx\" target=\"_blank\" rel=\"noopener noreferrer\">diese \u00dcbersicht<\/a> bew\u00e4hrt. Gleich, wenn ich meinen Einsatzplan und den Jahreskalender der Schule bekomme, trage ich ein, an welchen Tagen ich grunds\u00e4tzlich Unterricht in einer Klasse habe. Anschlie\u00dfend trage ich ebenfalls ein, wann Stunden ausfallen. So erhalte ich einen \u00dcberblick \u00fcber die Stunden, die mir tats\u00e4chlich zum Unterrichten verbleiben und kann meine Planung entsprechend anpassen.\u00a0<a href=\"http:\/\/www.dennis-arnold.com\/Lehrerausbildung\/wp-content\/uploads\/2017\/07\/00_Jahresplanung-Englisch-Jg-9_2021-22_Teil-1.pdf\" target=\"_blank\" rel=\"noopener noreferrer\">Hier<\/a> ein Beispiel aus dem Schuljahr 2021-2022 f\u00fcr Englisch in einem 9. Jahrgang an der Reinhold-Burger-Schule.<\/li>\n<li style=\"text-align: justify;\">Schlie\u00dflich habe ich hier die Rahmenlehrpl\u00e4ne f\u00fcr Berlin und Brandenburg f\u00fcr Sie verlinkt. Klicken Sie einfach auf <a href=\"http:\/\/www.dennis-arnold.com\/Lehrerausbildung\/wp-content\/uploads\/2017\/07\/Teil_A.pdf\" target=\"_blank\" rel=\"noopener noreferrer\">Teil A<\/a>, <a href=\"http:\/\/www.dennis-arnold.com\/Lehrerausbildung\/wp-content\/uploads\/2017\/07\/Teil_B.pdf\" target=\"_blank\" rel=\"noopener noreferrer\">Teil B<\/a> und <a href=\"http:\/\/www.dennis-arnold.com\/Lehrerausbildung\/wp-content\/uploads\/2017\/07\/Teil_C.pdf\" target=\"_blank\" rel=\"noopener noreferrer\">Teil C<\/a> \ud83d\ude42 Ich habe hierzu auch eine <a href=\"https:\/\/www.amazon.de\/Rahmenlehrplan-kennen-lieben-lernen-Rahmenlehrpl%C3%A4ne\/dp\/3848226898\/ref=sr_1_1?__mk_de_DE=%C3%85M%C3%85%C5%BD%C3%95%C3%91&amp;dchild=1&amp;keywords=Rahmenlehrplan+Berlin&amp;qid=1630555501&amp;sr=8-1\" target=\"_blank\" rel=\"noopener noreferrer\">Ver\u00f6ffentlichung<\/a> geschrieben, die Ihnen hilft, sich zielorientiert in die Thematik einzuarbeiten.<\/li>\n<\/ul>\n","protected":false},"excerpt":{"rendered":"<p>Das Referendariat oder auch das Praktikum\/ Praxissemester konfrontiert Sie immer mehr mit dem Alltag einer Lehrperson. Hier ist es wichtig, den \u00dcberblick zu behalten. Die folgenden Dokumente sollen Sie dabei unterst\u00fctzen \ud83d\ude42 Das Handbuch f\u00fcr den Vorbereitungsdienst in Berlin (Stand: 06\/2021) sowie der Leitfaden f\u00fcr das Praxissemester (5. Auflage) bieten einen \u00dcberblick \u00fcber die Ausbildung &hellip; <\/p>\n<p class=\"link-more\"><a href=\"http:\/\/www.dennis-arnold.com\/Lehrerausbildung\/index.php\/transparenz-fuer-sie\/\" class=\"more-link\"><span class=\"screen-reader-text\">&#8222;Ausbildung&#8220;<\/span> weiterlesen<\/a><\/p>\n","protected":false},"author":1,"featured_media":0,"parent":0,"menu_order":0,"comment_status":"closed","ping_status":"closed","template":"","meta":[],"_links":{"self":[{"href":"http:\/\/www.dennis-arnold.com\/Lehrerausbildung\/index.php\/wp-json\/wp\/v2\/pages\/79"}],"collection":[{"href":"http:\/\/www.dennis-arnold.com\/Lehrerausbildung\/index.php\/wp-json\/wp\/v2\/pages"}],"about":[{"href":"http:\/\/www.dennis-arnold.com\/Lehrerausbildung\/index.php\/wp-json\/wp\/v2\/types\/page"}],"author":[{"embeddable":true,"href":"http:\/\/www.dennis-arnold.com\/Lehrerausbildung\/index.php\/wp-json\/wp\/v2\/users\/1"}],"replies":[{"embeddable":true,"href":"http:\/\/www.dennis-arnold.com\/Lehrerausbildung\/index.php\/wp-json\/wp\/v2\/comments?post=79"}],"version-history":[{"count":27,"href":"http:\/\/www.dennis-arnold.com\/Lehrerausbildung\/index.php\/wp-json\/wp\/v2\/pages\/79\/revisions"}],"predecessor-version":[{"id":410,"href":"http:\/\/www.dennis-arnold.com\/Lehrerausbildung\/index.php\/wp-json\/wp\/v2\/pages\/79\/revisions\/410"}],"wp:attachment":[{"href":"http:\/\/www.dennis-arnold.com\/Lehrerausbildung\/index.php\/wp-json\/wp\/v2\/media?parent=79"}],"curies":[{"name":"wp","href":"https:\/\/api.w.org\/{rel}","templated":true}]}}