{"id":404,"date":"2022-12-08T19:24:21","date_gmt":"2022-12-08T18:24:21","guid":{"rendered":"http:\/\/www.dennis-arnold.com\/Lehrerausbildung\/?page_id=404"},"modified":"2023-10-15T11:52:52","modified_gmt":"2023-10-15T09:52:52","slug":"konzept-fuer-die-ausbildung-von-lehrkraeften","status":"publish","type":"page","link":"http:\/\/www.dennis-arnold.com\/Lehrerausbildung\/index.php\/konzept-fuer-die-ausbildung-von-lehrkraeften\/","title":{"rendered":"Konzept f\u00fcr die Ausbildung von Lehrkr\u00e4ften"},"content":{"rendered":"\n<p>Seit Dezember 2016 bin ich f\u00fcr alle sich in Ausbildung befindenden Personen t\u00e4tig. Dazu geh\u00f6ren inbesondere Studierende des berufsfeldorientierenden Praktikums, des Praxissemesters sowie die Referendarinnen und Referendare, aber auch Quer- und Seiteneinsteigende. Im Laufe der Jahre habe ich in Zusammenarbeit mit den Berliner Universit\u00e4ten und des Senats f\u00fcr Bildung, Jugend und Familie ein Konzept entwickelt, welches die Ziele der jeweiligen Ausbildungsphase und die dementsprechenden Bed\u00fcrfnisse der jeweiligen Personengruppen explizit ber\u00fccksichtigen.<\/p>\n\n\n\n<p>Daraus entstanden ist einerseits ein Konzept, welches spiralcurricular aufgebaut ist; andererseits ist Begleitmaterial f\u00fcr die jeweilige Phase erarbeitet worden, welches die jeweiligen Personengruppen zielf\u00fchrend durch die Ausbildungsphase begleitet.<\/p>\n\n\n\n<p><\/p>\n\n\n<div class=\"wp-block-image\">\n<figure class=\"aligncenter size-full is-resized\"><img decoding=\"async\" loading=\"lazy\" src=\"http:\/\/www.dennis-arnold.com\/Lehrerausbildung\/wp-content\/uploads\/2023\/10\/Ausbildungskonzept-fuer-Studierende-und-LAA_Logo.jpg\" alt=\"\" class=\"wp-image-453\" width=\"313\" height=\"281\" srcset=\"http:\/\/www.dennis-arnold.com\/Lehrerausbildung\/wp-content\/uploads\/2023\/10\/Ausbildungskonzept-fuer-Studierende-und-LAA_Logo.jpg 873w, http:\/\/www.dennis-arnold.com\/Lehrerausbildung\/wp-content\/uploads\/2023\/10\/Ausbildungskonzept-fuer-Studierende-und-LAA_Logo-300x270.jpg 300w, http:\/\/www.dennis-arnold.com\/Lehrerausbildung\/wp-content\/uploads\/2023\/10\/Ausbildungskonzept-fuer-Studierende-und-LAA_Logo-768x691.jpg 768w\" sizes=\"(max-width: 313px) 100vw, 313px\" \/><\/figure><\/div>\n\n\n<p><\/p>\n\n\n\n<p>In der Fortbildung stelle ich das Konzept und die Begleitmaterialien vor. Die Teilnehmenden erhalten die Gelegenheit, das von mir bereitgestellte Begleitmaterial an die Umst\u00e4nde ihrer Schulen anzupassen. Au\u00dferdem gibt es nat\u00fcrlich die M\u00f6glichkeit, jederzeit Fragen zum Konzept und zum Material zu stellen.<\/p>\n","protected":false},"excerpt":{"rendered":"<p>Seit Dezember 2016 bin ich f\u00fcr alle sich in Ausbildung befindenden Personen t\u00e4tig. Dazu geh\u00f6ren inbesondere Studierende des berufsfeldorientierenden Praktikums, des Praxissemesters sowie die Referendarinnen und Referendare, aber auch Quer- und Seiteneinsteigende. Im Laufe der Jahre habe ich in Zusammenarbeit mit den Berliner Universit\u00e4ten und des Senats f\u00fcr Bildung, Jugend und Familie ein Konzept entwickelt, &hellip; <\/p>\n<p class=\"link-more\"><a href=\"http:\/\/www.dennis-arnold.com\/Lehrerausbildung\/index.php\/konzept-fuer-die-ausbildung-von-lehrkraeften\/\" class=\"more-link\"><span class=\"screen-reader-text\">&#8222;Konzept f\u00fcr die Ausbildung von Lehrkr\u00e4ften&#8220;<\/span> weiterlesen<\/a><\/p>\n","protected":false},"author":1,"featured_media":0,"parent":0,"menu_order":0,"comment_status":"closed","ping_status":"closed","template":"","meta":[],"_links":{"self":[{"href":"http:\/\/www.dennis-arnold.com\/Lehrerausbildung\/index.php\/wp-json\/wp\/v2\/pages\/404"}],"collection":[{"href":"http:\/\/www.dennis-arnold.com\/Lehrerausbildung\/index.php\/wp-json\/wp\/v2\/pages"}],"about":[{"href":"http:\/\/www.dennis-arnold.com\/Lehrerausbildung\/index.php\/wp-json\/wp\/v2\/types\/page"}],"author":[{"embeddable":true,"href":"http:\/\/www.dennis-arnold.com\/Lehrerausbildung\/index.php\/wp-json\/wp\/v2\/users\/1"}],"replies":[{"embeddable":true,"href":"http:\/\/www.dennis-arnold.com\/Lehrerausbildung\/index.php\/wp-json\/wp\/v2\/comments?post=404"}],"version-history":[{"count":4,"href":"http:\/\/www.dennis-arnold.com\/Lehrerausbildung\/index.php\/wp-json\/wp\/v2\/pages\/404\/revisions"}],"predecessor-version":[{"id":456,"href":"http:\/\/www.dennis-arnold.com\/Lehrerausbildung\/index.php\/wp-json\/wp\/v2\/pages\/404\/revisions\/456"}],"wp:attachment":[{"href":"http:\/\/www.dennis-arnold.com\/Lehrerausbildung\/index.php\/wp-json\/wp\/v2\/media?parent=404"}],"curies":[{"name":"wp","href":"https:\/\/api.w.org\/{rel}","templated":true}]}}