{"id":329,"date":"2022-01-01T17:29:40","date_gmt":"2022-01-01T16:29:40","guid":{"rendered":"http:\/\/www.dennis-arnold.com\/Lehrerausbildung\/?page_id=329"},"modified":"2023-10-15T12:16:36","modified_gmt":"2023-10-15T10:16:36","slug":"offene-lernformen","status":"publish","type":"page","link":"http:\/\/www.dennis-arnold.com\/Lehrerausbildung\/index.php\/offene-lernformen\/","title":{"rendered":"Offene Lernformen"},"content":{"rendered":"<p>Entdecken Sie innovative Wege im Fremdsprachenunterricht!<\/p>\n<p>Die Fortbildung \u00fcber offene Lernformen bietet eine <strong>fundierte Einf\u00fchrung<\/strong>, unterst\u00fctzt von aktuellster <strong>Forschung<\/strong>.<\/p>\n<p>Doch das Besondere: In unserem praxisorientierten Teil <strong>entwickeln Sie<\/strong> direkt einzigartiges <strong>Unterrichtsmaterial<\/strong>. Die Fortbildung ist zweigeteilt, um sicherzustellen, dass Theorie und Praxis Hand in Hand gehen.<\/p>\n<p>Am Ende pr\u00e4sentieren und optimieren Sie Ihre Ergebnisse gemeinsam mit anderen Lehrkr\u00e4ften. Es geht also um mehr als Wissen &#8211; es geht um einen erlebnisreichen Schatzkasten f\u00fcr Ihren Unterricht. Lassen Sie sich inspirieren und <strong>gehen Sie mit wertvollem Material nach Hause<\/strong>!<\/p>\n<p style=\"text-align: center;\"><strong>Buchen<\/strong> Sie noch heute eine schulinterne Fortbildung oder <strong>melden Sie sich<\/strong> f\u00fcr einen Workshop <strong>an<\/strong>!<\/p>\n","protected":false},"excerpt":{"rendered":"<p>Entdecken Sie innovative Wege im Fremdsprachenunterricht! Die Fortbildung \u00fcber offene Lernformen bietet eine fundierte Einf\u00fchrung, unterst\u00fctzt von aktuellster Forschung. Doch das Besondere: In unserem praxisorientierten Teil entwickeln Sie direkt einzigartiges Unterrichtsmaterial. Die Fortbildung ist zweigeteilt, um sicherzustellen, dass Theorie und Praxis Hand in Hand gehen. Am Ende pr\u00e4sentieren und optimieren Sie Ihre Ergebnisse gemeinsam mit &hellip; <\/p>\n<p class=\"link-more\"><a href=\"http:\/\/www.dennis-arnold.com\/Lehrerausbildung\/index.php\/offene-lernformen\/\" class=\"more-link\"><span class=\"screen-reader-text\">&#8222;Offene Lernformen&#8220;<\/span> weiterlesen<\/a><\/p>\n","protected":false},"author":1,"featured_media":0,"parent":0,"menu_order":0,"comment_status":"closed","ping_status":"closed","template":"","meta":[],"_links":{"self":[{"href":"http:\/\/www.dennis-arnold.com\/Lehrerausbildung\/index.php\/wp-json\/wp\/v2\/pages\/329"}],"collection":[{"href":"http:\/\/www.dennis-arnold.com\/Lehrerausbildung\/index.php\/wp-json\/wp\/v2\/pages"}],"about":[{"href":"http:\/\/www.dennis-arnold.com\/Lehrerausbildung\/index.php\/wp-json\/wp\/v2\/types\/page"}],"author":[{"embeddable":true,"href":"http:\/\/www.dennis-arnold.com\/Lehrerausbildung\/index.php\/wp-json\/wp\/v2\/users\/1"}],"replies":[{"embeddable":true,"href":"http:\/\/www.dennis-arnold.com\/Lehrerausbildung\/index.php\/wp-json\/wp\/v2\/comments?post=329"}],"version-history":[{"count":3,"href":"http:\/\/www.dennis-arnold.com\/Lehrerausbildung\/index.php\/wp-json\/wp\/v2\/pages\/329\/revisions"}],"predecessor-version":[{"id":470,"href":"http:\/\/www.dennis-arnold.com\/Lehrerausbildung\/index.php\/wp-json\/wp\/v2\/pages\/329\/revisions\/470"}],"wp:attachment":[{"href":"http:\/\/www.dennis-arnold.com\/Lehrerausbildung\/index.php\/wp-json\/wp\/v2\/media?parent=329"}],"curies":[{"name":"wp","href":"https:\/\/api.w.org\/{rel}","templated":true}]}}